{"id":2031,"date":"2025-06-01T15:10:58","date_gmt":"2025-06-01T13:10:58","guid":{"rendered":"https:\/\/lillufestival.org\/?page_id=2031"},"modified":"2025-06-01T15:33:53","modified_gmt":"2025-06-01T13:33:53","slug":"samedi","status":"publish","type":"page","link":"https:\/\/lillufestival.org\/index.php\/samedi\/","title":{"rendered":"Vendredi"},"content":{"rendered":"\t\t<div data-elementor-type=\"wp-page\" data-elementor-id=\"2031\" class=\"elementor elementor-2031\" data-elementor-post-type=\"page\">\n\t\t\t\t<div class=\"elementor-element elementor-element-6d5e00e e-flex e-con-boxed wpr-particle-no wpr-jarallax-no wpr-parallax-no wpr-sticky-section-no e-con e-parent\" data-id=\"6d5e00e\" data-element_type=\"container\">\n\t\t\t\t\t<div class=\"e-con-inner\">\n\t\t\t\t<div class=\"elementor-element elementor-element-036e3b4 elementor-widget elementor-widget-heading\" data-id=\"036e3b4\" data-element_type=\"widget\" data-widget_type=\"heading.default\">\n\t\t\t\t<div class=\"elementor-widget-container\">\n\t\t\t<style>\/*! elementor - v3.23.0 - 25-07-2024 *\/\n.elementor-heading-title{padding:0;margin:0;line-height:1}.elementor-widget-heading .elementor-heading-title[class*=elementor-size-]>a{color:inherit;font-size:inherit;line-height:inherit}.elementor-widget-heading .elementor-heading-title.elementor-size-small{font-size:15px}.elementor-widget-heading .elementor-heading-title.elementor-size-medium{font-size:19px}.elementor-widget-heading .elementor-heading-title.elementor-size-large{font-size:29px}.elementor-widget-heading .elementor-heading-title.elementor-size-xl{font-size:39px}.elementor-widget-heading .elementor-heading-title.elementor-size-xxl{font-size:59px}<\/style><h2 class=\"elementor-heading-title elementor-size-default\">CYCLE DE CONF\u00c9RENCES<\/h2>\t\t<\/div>\n\t\t\t\t<\/div>\n\t\t\t\t\t<\/div>\n\t\t\t\t<\/div>\n\t\t<div class=\"elementor-element elementor-element-0cb2b6f e-flex e-con-boxed wpr-particle-no wpr-jarallax-no wpr-parallax-no wpr-sticky-section-no e-con e-parent\" data-id=\"0cb2b6f\" data-element_type=\"container\">\n\t\t\t\t\t<div class=\"e-con-inner\">\n\t\t<div class=\"elementor-element elementor-element-890d741 e-con-full e-flex wpr-particle-no wpr-jarallax-no wpr-parallax-no wpr-sticky-section-no e-con e-child\" data-id=\"890d741\" data-element_type=\"container\">\n\t\t\t\t<div class=\"elementor-element elementor-element-3a998b7 elementor-position-top elementor-widget elementor-widget-image-box\" data-id=\"3a998b7\" data-element_type=\"widget\" data-widget_type=\"image-box.default\">\n\t\t\t\t<div class=\"elementor-widget-container\">\n\t\t\t<style>\/*! elementor - v3.23.0 - 25-07-2024 *\/\n.elementor-widget-image-box .elementor-image-box-content{width:100%}@media (min-width:768px){.elementor-widget-image-box.elementor-position-left .elementor-image-box-wrapper,.elementor-widget-image-box.elementor-position-right .elementor-image-box-wrapper{display:flex}.elementor-widget-image-box.elementor-position-right .elementor-image-box-wrapper{text-align:end;flex-direction:row-reverse}.elementor-widget-image-box.elementor-position-left .elementor-image-box-wrapper{text-align:start;flex-direction:row}.elementor-widget-image-box.elementor-position-top .elementor-image-box-img{margin:auto}.elementor-widget-image-box.elementor-vertical-align-top .elementor-image-box-wrapper{align-items:flex-start}.elementor-widget-image-box.elementor-vertical-align-middle .elementor-image-box-wrapper{align-items:center}.elementor-widget-image-box.elementor-vertical-align-bottom .elementor-image-box-wrapper{align-items:flex-end}}@media (max-width:767px){.elementor-widget-image-box .elementor-image-box-img{margin-left:auto!important;margin-right:auto!important;margin-bottom:15px}}.elementor-widget-image-box .elementor-image-box-img{display:inline-block}.elementor-widget-image-box .elementor-image-box-title a{color:inherit}.elementor-widget-image-box .elementor-image-box-wrapper{text-align:center}.elementor-widget-image-box .elementor-image-box-description{margin:0}<\/style><div class=\"elementor-image-box-wrapper\"><figure class=\"elementor-image-box-img\"><img fetchpriority=\"high\" decoding=\"async\" width=\"2048\" height=\"2560\" src=\"https:\/\/lillufestival.org\/wp-content\/uploads\/2025\/06\/prog-reseaux-01-scaled.webp\" class=\"attachment-full size-full wp-image-1997\" alt=\"\" srcset=\"https:\/\/lillufestival.org\/wp-content\/uploads\/2025\/06\/prog-reseaux-01-scaled.webp 2048w, https:\/\/lillufestival.org\/wp-content\/uploads\/2025\/06\/prog-reseaux-01-240x300.webp 240w, https:\/\/lillufestival.org\/wp-content\/uploads\/2025\/06\/prog-reseaux-01-819x1024.webp 819w, https:\/\/lillufestival.org\/wp-content\/uploads\/2025\/06\/prog-reseaux-01-768x960.webp 768w, https:\/\/lillufestival.org\/wp-content\/uploads\/2025\/06\/prog-reseaux-01-1229x1536.webp 1229w, https:\/\/lillufestival.org\/wp-content\/uploads\/2025\/06\/prog-reseaux-01-1638x2048.webp 1638w\" sizes=\"(max-width: 2048px) 100vw, 2048px\" \/><\/figure><div class=\"elementor-image-box-content\"><h3 class=\"elementor-image-box-title\">CONF\u00c9RENCE : DANS LES COULISSES DE L'AUTO\u00c9DITION<\/h3><p class=\"elementor-image-box-description\">Plongez dans l\u2019univers de l\u2019auto\u00e9dition avec Xavier Lancel, fondateur de\nCroafunding, la premi\u00e8re librairie 100 % d\u00e9di\u00e9e aux ouvrages auto\u00e9dit\u00e9s.\nInstall\u00e9e \u00e0 Lille, cette micro-librairie met en lumi\u00e8re les auteurs qui \u00e9crivent,\nimpriment et diffusent leurs oeuvres en circuit court. Un \u00e9clairage inspirant sur une\nforme d\u2019\u00e9dition libre, locale et engag\u00e9e.<\/p><\/div><\/div>\t\t<\/div>\n\t\t\t\t<\/div>\n\t\t\t\t<\/div>\n\t\t<div class=\"elementor-element elementor-element-8d31e07 e-con-full e-flex wpr-particle-no wpr-jarallax-no wpr-parallax-no wpr-sticky-section-no e-con e-child\" data-id=\"8d31e07\" data-element_type=\"container\">\n\t\t\t\t<div class=\"elementor-element elementor-element-987afc5 elementor-position-top elementor-widget elementor-widget-image-box\" data-id=\"987afc5\" data-element_type=\"widget\" data-widget_type=\"image-box.default\">\n\t\t\t\t<div class=\"elementor-widget-container\">\n\t\t\t<div class=\"elementor-image-box-wrapper\"><figure class=\"elementor-image-box-img\"><img decoding=\"async\" width=\"2048\" height=\"2560\" src=\"https:\/\/lillufestival.org\/wp-content\/uploads\/2025\/06\/prog-reseaux-02-scaled.webp\" class=\"attachment-full size-full wp-image-1998\" alt=\"\" srcset=\"https:\/\/lillufestival.org\/wp-content\/uploads\/2025\/06\/prog-reseaux-02-scaled.webp 2048w, https:\/\/lillufestival.org\/wp-content\/uploads\/2025\/06\/prog-reseaux-02-240x300.webp 240w, https:\/\/lillufestival.org\/wp-content\/uploads\/2025\/06\/prog-reseaux-02-819x1024.webp 819w, https:\/\/lillufestival.org\/wp-content\/uploads\/2025\/06\/prog-reseaux-02-768x960.webp 768w, https:\/\/lillufestival.org\/wp-content\/uploads\/2025\/06\/prog-reseaux-02-1229x1536.webp 1229w, https:\/\/lillufestival.org\/wp-content\/uploads\/2025\/06\/prog-reseaux-02-1638x2048.webp 1638w\" sizes=\"(max-width: 2048px) 100vw, 2048px\" \/><\/figure><div class=\"elementor-image-box-content\"><h3 class=\"elementor-image-box-title\">CONF\u00c9RENCE :  VOYAGE AU COEUR DE LA TRADUCTION DE MANGA<\/h3><p class=\"elementor-image-box-description\">Install\u00e9 au Japon depuis 1997, ce Ni\u00e7ois passionn\u00e9 est l\u2019un des grands noms de la\ntraduction franco-japonaise. Il a pr\u00eat\u00e9 sa plume \u00e0 des titres cultes comme D\u00e9tective\nConan, Apprenti Criminel, Smokin\u2019 Parade ou encore Danganronpa V3. Avec\nhumour et finesse, il d\u00e9crypte les coulisses de son m\u00e9tier entre deux mondes..<\/p><\/div><\/div>\t\t<\/div>\n\t\t\t\t<\/div>\n\t\t\t\t<\/div>\n\t\t<div class=\"elementor-element elementor-element-90baab0 e-con-full e-flex wpr-particle-no wpr-jarallax-no wpr-parallax-no wpr-sticky-section-no e-con e-child\" data-id=\"90baab0\" data-element_type=\"container\">\n\t\t\t\t<div class=\"elementor-element elementor-element-b8d1f36 elementor-position-top elementor-widget elementor-widget-image-box\" data-id=\"b8d1f36\" data-element_type=\"widget\" data-widget_type=\"image-box.default\">\n\t\t\t\t<div class=\"elementor-widget-container\">\n\t\t\t<div class=\"elementor-image-box-wrapper\"><figure class=\"elementor-image-box-img\"><img decoding=\"async\" width=\"2048\" height=\"2560\" src=\"https:\/\/lillufestival.org\/wp-content\/uploads\/2025\/06\/prog-reseaux-03-scaled.webp\" class=\"attachment-full size-full wp-image-1999\" alt=\"\" srcset=\"https:\/\/lillufestival.org\/wp-content\/uploads\/2025\/06\/prog-reseaux-03-scaled.webp 2048w, https:\/\/lillufestival.org\/wp-content\/uploads\/2025\/06\/prog-reseaux-03-240x300.webp 240w, https:\/\/lillufestival.org\/wp-content\/uploads\/2025\/06\/prog-reseaux-03-819x1024.webp 819w, https:\/\/lillufestival.org\/wp-content\/uploads\/2025\/06\/prog-reseaux-03-768x960.webp 768w, https:\/\/lillufestival.org\/wp-content\/uploads\/2025\/06\/prog-reseaux-03-1229x1536.webp 1229w, https:\/\/lillufestival.org\/wp-content\/uploads\/2025\/06\/prog-reseaux-03-1638x2048.webp 1638w\" sizes=\"(max-width: 2048px) 100vw, 2048px\" \/><\/figure><div class=\"elementor-image-box-content\"><h3 class=\"elementor-image-box-title\">CONF\u00c9RENCE :  LA BD, PASSERELLE VERS LA LECTURE ET LA CULTURE<\/h3><p class=\"elementor-image-box-description\">Des m\u00e9diateurs lecture de la Ville de Lille \u00e9changent autour de la bande dessin\u00e9e\ncomme outil d\u2019inclusion culturelle. Comment ce m\u00e9dium accessible et cr\u00e9atif\npermet-il de (re)donner le go\u00fbt de lire, notamment aux publics \u00e9loign\u00e9s du livre ?\nT\u00e9moignages, exp\u00e9riences et pratiques de terrain au coeur des quartiers.<\/p><\/div><\/div>\t\t<\/div>\n\t\t\t\t<\/div>\n\t\t\t\t<\/div>\n\t\t\t\t\t<\/div>\n\t\t\t\t<\/div>\n\t\t<div class=\"elementor-element elementor-element-f23b311 e-flex e-con-boxed wpr-particle-no wpr-jarallax-no wpr-parallax-no wpr-sticky-section-no e-con e-parent\" data-id=\"f23b311\" data-element_type=\"container\">\n\t\t\t\t\t<div class=\"e-con-inner\">\n\t\t<div class=\"elementor-element elementor-element-5fcbd8d e-con-full e-flex wpr-particle-no wpr-jarallax-no wpr-parallax-no wpr-sticky-section-no e-con e-child\" data-id=\"5fcbd8d\" data-element_type=\"container\">\n\t\t\t\t<div class=\"elementor-element elementor-element-e3c0829 elementor-widget-divider--view-line elementor-widget elementor-widget-divider\" data-id=\"e3c0829\" data-element_type=\"widget\" data-widget_type=\"divider.default\">\n\t\t\t\t<div class=\"elementor-widget-container\">\n\t\t\t<style>\/*! elementor - v3.23.0 - 25-07-2024 *\/\n.elementor-widget-divider{--divider-border-style:none;--divider-border-width:1px;--divider-color:#0c0d0e;--divider-icon-size:20px;--divider-element-spacing:10px;--divider-pattern-height:24px;--divider-pattern-size:20px;--divider-pattern-url:none;--divider-pattern-repeat:repeat-x}.elementor-widget-divider .elementor-divider{display:flex}.elementor-widget-divider .elementor-divider__text{font-size:15px;line-height:1;max-width:95%}.elementor-widget-divider .elementor-divider__element{margin:0 var(--divider-element-spacing);flex-shrink:0}.elementor-widget-divider .elementor-icon{font-size:var(--divider-icon-size)}.elementor-widget-divider .elementor-divider-separator{display:flex;margin:0;direction:ltr}.elementor-widget-divider--view-line_icon .elementor-divider-separator,.elementor-widget-divider--view-line_text .elementor-divider-separator{align-items:center}.elementor-widget-divider--view-line_icon .elementor-divider-separator:after,.elementor-widget-divider--view-line_icon .elementor-divider-separator:before,.elementor-widget-divider--view-line_text .elementor-divider-separator:after,.elementor-widget-divider--view-line_text .elementor-divider-separator:before{display:block;content:\"\";border-block-end:0;flex-grow:1;border-block-start:var(--divider-border-width) var(--divider-border-style) var(--divider-color)}.elementor-widget-divider--element-align-left .elementor-divider .elementor-divider-separator>.elementor-divider__svg:first-of-type{flex-grow:0;flex-shrink:100}.elementor-widget-divider--element-align-left .elementor-divider-separator:before{content:none}.elementor-widget-divider--element-align-left .elementor-divider__element{margin-left:0}.elementor-widget-divider--element-align-right .elementor-divider .elementor-divider-separator>.elementor-divider__svg:last-of-type{flex-grow:0;flex-shrink:100}.elementor-widget-divider--element-align-right .elementor-divider-separator:after{content:none}.elementor-widget-divider--element-align-right .elementor-divider__element{margin-right:0}.elementor-widget-divider--element-align-start .elementor-divider .elementor-divider-separator>.elementor-divider__svg:first-of-type{flex-grow:0;flex-shrink:100}.elementor-widget-divider--element-align-start .elementor-divider-separator:before{content:none}.elementor-widget-divider--element-align-start .elementor-divider__element{margin-inline-start:0}.elementor-widget-divider--element-align-end .elementor-divider .elementor-divider-separator>.elementor-divider__svg:last-of-type{flex-grow:0;flex-shrink:100}.elementor-widget-divider--element-align-end .elementor-divider-separator:after{content:none}.elementor-widget-divider--element-align-end .elementor-divider__element{margin-inline-end:0}.elementor-widget-divider:not(.elementor-widget-divider--view-line_text):not(.elementor-widget-divider--view-line_icon) .elementor-divider-separator{border-block-start:var(--divider-border-width) var(--divider-border-style) var(--divider-color)}.elementor-widget-divider--separator-type-pattern{--divider-border-style:none}.elementor-widget-divider--separator-type-pattern.elementor-widget-divider--view-line .elementor-divider-separator,.elementor-widget-divider--separator-type-pattern:not(.elementor-widget-divider--view-line) .elementor-divider-separator:after,.elementor-widget-divider--separator-type-pattern:not(.elementor-widget-divider--view-line) .elementor-divider-separator:before,.elementor-widget-divider--separator-type-pattern:not([class*=elementor-widget-divider--view]) .elementor-divider-separator{width:100%;min-height:var(--divider-pattern-height);-webkit-mask-size:var(--divider-pattern-size) 100%;mask-size:var(--divider-pattern-size) 100%;-webkit-mask-repeat:var(--divider-pattern-repeat);mask-repeat:var(--divider-pattern-repeat);background-color:var(--divider-color);-webkit-mask-image:var(--divider-pattern-url);mask-image:var(--divider-pattern-url)}.elementor-widget-divider--no-spacing{--divider-pattern-size:auto}.elementor-widget-divider--bg-round{--divider-pattern-repeat:round}.rtl .elementor-widget-divider .elementor-divider__text{direction:rtl}.e-con-inner>.elementor-widget-divider,.e-con>.elementor-widget-divider{width:var(--container-widget-width,100%);--flex-grow:var(--container-widget-flex-grow)}<\/style>\t\t<div class=\"elementor-divider\">\n\t\t\t<span class=\"elementor-divider-separator\">\n\t\t\t\t\t\t<\/span>\n\t\t<\/div>\n\t\t\t\t<\/div>\n\t\t\t\t<\/div>\n\t\t\t\t<div class=\"elementor-element elementor-element-b7c4b41 elementor-position-top elementor-widget elementor-widget-image-box\" data-id=\"b7c4b41\" data-element_type=\"widget\" data-widget_type=\"image-box.default\">\n\t\t\t\t<div class=\"elementor-widget-container\">\n\t\t\t<div class=\"elementor-image-box-wrapper\"><figure class=\"elementor-image-box-img\"><img loading=\"lazy\" decoding=\"async\" width=\"2048\" height=\"2560\" src=\"https:\/\/lillufestival.org\/wp-content\/uploads\/2025\/06\/prog-reseaux-04-scaled.webp\" class=\"attachment-full size-full wp-image-2000\" alt=\"\" srcset=\"https:\/\/lillufestival.org\/wp-content\/uploads\/2025\/06\/prog-reseaux-04-scaled.webp 2048w, https:\/\/lillufestival.org\/wp-content\/uploads\/2025\/06\/prog-reseaux-04-240x300.webp 240w, https:\/\/lillufestival.org\/wp-content\/uploads\/2025\/06\/prog-reseaux-04-819x1024.webp 819w, https:\/\/lillufestival.org\/wp-content\/uploads\/2025\/06\/prog-reseaux-04-768x960.webp 768w\" sizes=\"(max-width: 2048px) 100vw, 2048px\" \/><\/figure><div class=\"elementor-image-box-content\"><h3 class=\"elementor-image-box-title\">REMISE DE PRIX: CONCOURS DE CR\u00c9ATION BD \u00c0 L'\u00c9COLE<\/h3><p class=\"elementor-image-box-description\">10 \u00e9coles lilloises, 18 classes de Cm1 et Cm2, 403 \u00e9l\u00e8ves\u2026 et pr\u00e8s de 200\nplanches de bande dessin\u00e9e r\u00e9alis\u00e9es entre f\u00e9vrier et avril 2025 !\nImagination, humour, cr\u00e9ativit\u00e9 d\u00e9bordante : les jeunes auteurs et autrices\nen herbe ont rivalis\u00e9 d\u2019id\u00e9es pour r\u00e9inventer la f\u00eate du futur.\nCette c\u00e9r\u00e9monie met \u00e0 l\u2019honneur leur travail collectif et leur talent \u00e0 travers\nune remise de prix haute en couleurs.<\/p><\/div><\/div>\t\t<\/div>\n\t\t\t\t<\/div>\n\t\t\t\t<div class=\"elementor-element elementor-element-2e49aef elementor-widget-divider--view-line elementor-widget elementor-widget-divider\" data-id=\"2e49aef\" data-element_type=\"widget\" data-widget_type=\"divider.default\">\n\t\t\t\t<div class=\"elementor-widget-container\">\n\t\t\t\t\t<div class=\"elementor-divider\">\n\t\t\t<span class=\"elementor-divider-separator\">\n\t\t\t\t\t\t<\/span>\n\t\t<\/div>\n\t\t\t\t<\/div>\n\t\t\t\t<\/div>\n\t\t\t\t<\/div>\n\t\t\t\t\t<\/div>\n\t\t\t\t<\/div>\n\t\t<div class=\"elementor-element elementor-element-98cb441 e-flex e-con-boxed wpr-particle-no wpr-jarallax-no wpr-parallax-no wpr-sticky-section-no e-con e-parent\" data-id=\"98cb441\" data-element_type=\"container\">\n\t\t\t\t\t<div class=\"e-con-inner\">\n\t\t\t\t<div class=\"elementor-element elementor-element-0c39d56 elementor-widget elementor-widget-heading\" data-id=\"0c39d56\" data-element_type=\"widget\" data-widget_type=\"heading.default\">\n\t\t\t\t<div class=\"elementor-widget-container\">\n\t\t\t<h2 class=\"elementor-heading-title elementor-size-default\">TABLE RONDE<\/h2>\t\t<\/div>\n\t\t\t\t<\/div>\n\t\t\t\t<div class=\"elementor-element elementor-element-f33999a elementor-position-left elementor-vertical-align-middle elementor-widget elementor-widget-image-box\" data-id=\"f33999a\" data-element_type=\"widget\" data-widget_type=\"image-box.default\">\n\t\t\t\t<div class=\"elementor-widget-container\">\n\t\t\t<div class=\"elementor-image-box-wrapper\"><figure class=\"elementor-image-box-img\"><img loading=\"lazy\" decoding=\"async\" width=\"2048\" height=\"2560\" src=\"https:\/\/lillufestival.org\/wp-content\/uploads\/2025\/06\/prog-reseaux-05-scaled.webp\" class=\"attachment-full size-full wp-image-2001\" alt=\"\" srcset=\"https:\/\/lillufestival.org\/wp-content\/uploads\/2025\/06\/prog-reseaux-05-scaled.webp 2048w, https:\/\/lillufestival.org\/wp-content\/uploads\/2025\/06\/prog-reseaux-05-240x300.webp 240w, https:\/\/lillufestival.org\/wp-content\/uploads\/2025\/06\/prog-reseaux-05-819x1024.webp 819w, https:\/\/lillufestival.org\/wp-content\/uploads\/2025\/06\/prog-reseaux-05-768x960.webp 768w\" sizes=\"(max-width: 2048px) 100vw, 2048px\" \/><\/figure><div class=\"elementor-image-box-content\"><h3 class=\"elementor-image-box-title\">CONF\u00c9RENCE : QUAND L'IA BOUSCULE LES M\u00c9TIERS ARTISTIQUES<\/h3><p class=\"elementor-image-box-description\">Voix, traduction, cr\u00e9ation visuelle\u2026 l\u2019intelligence artificielle bouscule les\npratiques, red\u00e9finit les r\u00f4les et interroge l\u2019avenir des m\u00e9tiers artistiques. Entre\nfascination, vigilance et adaptation, comment les artistes r\u00e9agissent-ils \u00e0\ncette r\u00e9volution ? venez croiser les regards de professionnels engag\u00e9s sur les\nmutations en cours et les enjeux de demain.<\/p><\/div><\/div>\t\t<\/div>\n\t\t\t\t<\/div>\n\t\t\t\t\t<\/div>\n\t\t\t\t<\/div>\n\t\t\t\t<\/div>\n\t\t","protected":false},"excerpt":{"rendered":"<p>CYCLE DE CONF\u00c9RENCES CONF\u00c9RENCE : DANS LES COULISSES DE L&rsquo;AUTO\u00c9DITION Plongez dans l\u2019univers de l\u2019auto\u00e9dition avec Xavier Lancel, fondateur de Croafunding, la premi\u00e8re librairie 100 % d\u00e9di\u00e9e aux ouvrages auto\u00e9dit\u00e9s. Install\u00e9e \u00e0 Lille, cette micro-librairie met en lumi\u00e8re les auteurs qui \u00e9crivent, impriment et diffusent leurs oeuvres en circuit court. Un \u00e9clairage inspirant sur une [&hellip;]<\/p>\n","protected":false},"author":3,"featured_media":0,"parent":0,"menu_order":0,"comment_status":"closed","ping_status":"closed","template":"","meta":{"footnotes":""},"class_list":["post-2031","page","type-page","status-publish","hentry"],"_links":{"self":[{"href":"https:\/\/lillufestival.org\/index.php\/wp-json\/wp\/v2\/pages\/2031","targetHints":{"allow":["GET"]}}],"collection":[{"href":"https:\/\/lillufestival.org\/index.php\/wp-json\/wp\/v2\/pages"}],"about":[{"href":"https:\/\/lillufestival.org\/index.php\/wp-json\/wp\/v2\/types\/page"}],"author":[{"embeddable":true,"href":"https:\/\/lillufestival.org\/index.php\/wp-json\/wp\/v2\/users\/3"}],"replies":[{"embeddable":true,"href":"https:\/\/lillufestival.org\/index.php\/wp-json\/wp\/v2\/comments?post=2031"}],"version-history":[{"count":17,"href":"https:\/\/lillufestival.org\/index.php\/wp-json\/wp\/v2\/pages\/2031\/revisions"}],"predecessor-version":[{"id":2052,"href":"https:\/\/lillufestival.org\/index.php\/wp-json\/wp\/v2\/pages\/2031\/revisions\/2052"}],"wp:attachment":[{"href":"https:\/\/lillufestival.org\/index.php\/wp-json\/wp\/v2\/media?parent=2031"}],"curies":[{"name":"wp","href":"https:\/\/api.w.org\/{rel}","templated":true}]}}